2*u + 21 = -s. Calculate the greatest common divisor of u and 13.
13
Let h(u) = -7*u**3 + 2*u**2 + u. Let l be h(-1). Let k(b) = -b + 5 + b**2 + 7 - 4. Let s be k(0). What is the highest common divisor of l and s?
8
Let b(p) = 2*p**3 + p**2 - 6*p - 3. Let d be b(3). Calculate the greatest common factor of d and 147.
21
Suppose s + 2 - 3 = 0. Let t = 63 - 10. Let i = t - 42. What is the greatest common factor of i and s?
1
Let v(r) = -r**2 + 8*r + 97. Let i be v(8). What is the highest common divisor of 2425 and i?
97
Let b = -92 - -109. What is the highest common factor of 272 and b?
17
Let d = 1753 - 1747. Calculate the greatest common divisor of 579 and d.
3
Let q = 57 - 46. Let a be (-2 + 1)/((-3)/66). Let t = 11 + a. What is the greatest common factor of q and t?
11
Let o = 104 + 13. Let n = 25 - 12. What is the highest common divisor of o and n?
13
Let h = -10 + 10. Suppose h = -6*d + d. Suppose 4*x + 7 - 51 = d. Calculate the greatest common divisor of x and 33.
11
Let j(u) = -u + 3. Let k(c) = 9*c + 1. Let i be k(1). Let x be j(i). Let y = 19 + x. Calculate the highest common factor of 96 and y.
12
Let r(q) = 4*q + 12 - q - q. Let f be r(12). Let i be (f/14)/((-1)/(-14)). What is the highest common factor of i and 18?
18
Let r = -1 - -11. Let u = 15 - r. Suppose w = u + 16. What is the greatest common factor of w and 105?
21
Suppose 0 = -5*j - u + 454, 2*u = j - 107 + 25. What is the greatest common factor of j and 10?
10
Suppose 3*p - 24 = -15. Suppose 10 = -p*v - c - 12, c = v + 2. Let y be -6*(-3 - 15/v). What is the highest common divisor of 9 and y?
3
Let f(g) = g**3 - 2*g**2 - 6*g + 428. Let d be f(0). Calculate the greatest common divisor of 107 and d.
107
Let j = 137 - 101. What is the greatest common factor of 27 and j?
9
Suppose -2*h - 2*h - 34 = s, 3*h = -5*s - 17. Let r(n) = n + 3. Let l be r(h). Let q be l/4 - (-33)/6. Calculate the highest common divisor of q and 44.
4
Let i be (48/(-14))/((-12)/630). What is the highest common divisor of i and 500?
20
Let f = 152 - 42. Let w be 1300/120 - (-1)/6. What is the highest common divisor of w and f?
11
Suppose -2*x + 5*z + 119 = 0, -3*x + 2*x + 5*z + 67 = 0. What is the greatest common divisor of 130 and x?
26
Let r be -22 + -1 - (12 - 8). Let t = -22 - r. Suppose t*z = -126 + 546. Calculate the highest common factor of z and 14.
14
Let h = 12 - 22. Let c(a) = 2*a + 27. Let l be c(h). Calculate the highest common divisor of 77 and l.
7
Let f be (-8)/(7 - 5) + 107. Let x = f + -94. Let w = 8 - 2. Calculate the greatest common factor of w and x.
3
Let c(x) = 7*x - 44. Let t be c(7). Suppose t*n - 24 = 21. Calculate the highest common factor of n and 171.
9
Suppose 0 = -45*j + 47*j - 5*z - 91, -3*j = 4*z - 148. Calculate the highest common divisor of 24 and j.
24
Suppose 6*j - 15 = j. Suppose 2*i + j*n = 99, n + 8 = i - 29. Suppose -i = -2*z - 10. What is the highest common factor of z and 144?
16
Let w = 331 + -271. Calculate the highest common divisor of w and 270.
30
Let w be (-64)/160 - (-2092)/5. Calculate the greatest common divisor of w and 22.
22
Suppose 0 = v + 5, v - 3 = -q - 4*v. Suppose 2*j + i = -3*j + q, 3*i - 18 = -4*j. Calculate the greatest common divisor of 18 and j.
6
Let n be 0/(5/(-5)*2). Suppose 0 = 5*v - n*v - 475. What is the highest common factor of 19 and v?
19
Suppose -3*q - q + 620 = 0. Suppose -4*u - 3*x + 66 = -30, -q = -5*u + 5*x. Calculate the greatest common divisor of 81 and u.
27
Suppose -3*l + 3*t + 882 = 0, l - 326 + 57 = -4*t. What is the greatest common factor of l and 34?
17
Let y be (-8 + 3 - -8)*1. Suppose 0*t = 2*t + 4*c + 4, 0 = y*c + 12. Calculate the highest common factor of 72 and t.
6
Let h(x) = -x**3 + 2*x. Let b be (-5)/15 + (-7)/(-3). Let n be h(b). Let s be 3 + 24 + 4 + n. What is the greatest common divisor of s and 18?
9
Let o = 336 + -241. What is the greatest common factor of 19 and o?
19
Let j(q) be the first derivative of 5*q**2 - q + 1/4*q**4 + 4*q**3 - 4. Let f be j(-11). What is the highest common factor of 15 and f?
5
Suppose 5*n - 829 = 2*n + w, 2*n + 4*w = 548. What is the highest common factor of 12 and n?
12
Suppose 3*g = 2*m - 25 - 8, 0 = 4*m - 4*g - 60. Suppose -5*r + 2*r + 246 = -d, 2*r - 3*d - 150 = 0. Calculate the greatest common divisor of r and m.
12
Let h(j) = j**2 - 32*j - 3. Let d be h(33). Calculate the highest common divisor of d and 120.
30
Let t(v) = v**2 - v + 1. Let n be t(0). Calculate the highest common divisor of n and 1.
1
Suppose 26*u - 27*u - 5*l = -179, -2*u = -3*l - 371. What is the greatest common factor of u and 253?
23
Suppose -2*y - 15 = -4*v + 3*v, -4*v = 3*y - 5. Let b be v/(-25) - (-1)/5. Suppose 5*s + 38 - 118 = b. What is the greatest common factor of 8 and s?
8
Suppose 5*p - 12 = -4*y + 51, -59 = -5*p - 2*y. Let a be 3*3/(18/128). Let w = 119 - a. What is the highest common divisor of w and p?
11
Let f(p) = 36*p**2 + 3*p - 1. Let x be f(1). Suppose -5*s = -3*s - x. What is the highest common divisor of s and 209?
19
Let l = 410 - -74. What is the greatest common divisor of l and 847?
121
Suppose 45*m - 55*m + 740 = 0. What is the highest common factor of m and 74?
74
Let l be 5 - (0 + -36)*15/9. What is the greatest common divisor of l and 10?
5
Let c(k) = -k**2 - 40*k - 21. Let t be c(-39). Calculate the greatest common divisor of t and 279.
9
Suppose 11 = -3*d + 1838. What is the greatest common divisor of 42 and d?
21
Let k(f) = -15*f - 22. Let j be k(-4). What is the highest common divisor of 1026 and j?
38
Let n(x) = -2 + 4*x**3 + 9*x - 3*x**3 - 8*x - 5*x**2 - 12*x. Let l be n(8). Let d = l - 68. Calculate the greatest common divisor of d and 17.
17
Suppose 2*l = -5*y + 46 + 1, 2*l + 2*y - 44 = 0. Suppose d + 39 = 2*i - 0*i, -2*d = -i + 15. Calculate the greatest common divisor of l and i.
21
Suppose -12 = -4*l, -2*t + l - 9 = -4*t. Let r be 3 - t/6*2. What is the highest common divisor of r and 2?
2
Let v be (-3 + 6/(90/65))*456. Calculate the greatest common factor of 19 and v.
19
Let b = -146 - -162. Suppose 5*m - 2*m = 0. Suppose 3*v = -m*v + 192. Calculate the highest common divisor of b and v.
16
Let m = 113 - -47. Calculate the greatest common divisor of 520 and m.
40
Suppose -2*y = 4, -80 = -s + 6*y - 2*y. What is the highest common factor of 108 and s?
36
Suppose 0 = -20*q - 9 + 349. What is the greatest common divisor of q and 901?
17
Let i(r) = 2*r**3 + 2*r**2 - 20*r + 166. Let q be i(7). Calculate the highest common factor of q and 180.
90
Let u be (-19)/(-2)*(223 + -43). Calculate the highest common factor of 228 and u.
114
Suppose 4*k - 4*t - 380 = 0, -k + 5*t = -143 + 28. What is the highest common divisor of k and 30?
30
Let w be 2 + (-4)/(-8)*28. Suppose w*u - 640 = 6*u. Calculate the greatest common divisor of u and 160.
32
Suppose -2*f + 4 = -4, -4*f = -5*r - 16. Suppose -2*v - 18 + 94 = r. What is the greatest common factor of 95 and v?
19
Suppose 3*w + o - 21 = 0, -16 = -2*w + 4*o - 2. Calculate the highest common factor of 63 and w.
7
Suppose j + 22 = -4*g - 21, 4*g - 20 = 0. Let y = 64 + j. Calculate the greatest common divisor of y and 7.
1
Suppose 2*u - 8 = -2*u. Let f be (-520)/(-1820) - 6*((-4)/14 + 0). What is the highest common divisor of f and u?
2
Suppose 122 = l + 26. Suppose -h + r = -31, 0 = 4*h - 3*r + 6*r - l. Suppose s = 6*s - 1080. Calculate the highest common factor of h and s.
27
Let s(u) = u**3 - 2*u**2 + 2*u. Let r(l) = -l - 10. Let t be r(-14). Let g be s(t). What is the highest common divisor of g and 100?
20
Let r = -91 - -92. Suppose -5*o + 14 = f - 6, 0 = -3*f - 5*o + 30. Let c be 46 - ((f - r) + -6). Calculate the highest common divisor of 16 and c.
16
Let w = -193 + 203. Let s = 3 - -1. Let j be s/10 + (-365)/(-25). What is the highest common factor of w and j?
5
Let b(i) = 4*i**2 - 5*i + 3. Let o be b(3). Suppose x + 5*u = 79, -3*x + 249 = -8*u + 11*u. What is the highest common factor of o and x?
12
Suppose 0 = -b - 3*x + 20, -5*b + 5*x + 14 + 6 = 0. Let s be (-2 - (-21)/(-2))/(b/(-16)). What is the highest common factor of s and 275?
25
Let x(n) = -2*n**3 + 4*n**2 + 3*n + 9. Let k be x(-6). What is the highest common factor of 27 and k?
27
Let x be (-3 + 8/4)*-6. Suppose -4*d + 172 = 4*c, 2*d = 4*d - c - 83. What is the h